{"id":76,"date":"2019-02-14T10:13:47","date_gmt":"2019-02-14T09:13:47","guid":{"rendered":"http:\/\/esv-olympia.de\/schwimmen\/?page_id=76"},"modified":"2025-06-06T16:12:53","modified_gmt":"2025-06-06T14:12:53","slug":"mitarbeiter-innen-gesucht","status":"publish","type":"page","link":"https:\/\/esv-olympia.de\/schwimmen\/mitarbeiter-innen-gesucht\/","title":{"rendered":"Mitarbeiter\/Innen gesucht"},"content":{"rendered":"<h1 class=\"western\"><span style=\"font-family: Bahnschrift, sans-serif;\">Mitarbeiter\/innen gesucht<\/span><\/h1>\n<p align=\"JUSTIFY\"><span style=\"font-family: Bahnschrift, sans-serif;\">Die Schwimmabteilung des ESV Olympia K\u00f6ln e.V. sucht f\u00fcr seine Schwimmabteilung Mitarbeiter\/innen in der Anf\u00e4nger- und Technikausbildung mit Kindern, Jugendlichen und Erwachsenen.<\/span><\/p>\n<p align=\"JUSTIFY\"><span style=\"font-family: Bahnschrift, sans-serif;\">Wer Spa\u00df im Umgang mit Kindern ab 5 Jahren , Jugendlichen, Erwachsenen im und am Wasser hat, zuverl\u00e4ssig &amp; verantwortungsbewusst ist, \u00fcber Vorkenntnisse verf\u00fcgt, die aber nicht Voraussetzung sind (entsprechende Lizenzen k\u00f6nnen \u00fcber den Verein erworben werden): Grundkurs Schwimmen an der DSHS, Sporthelfer- oder \u00dcbungsleiterlizenz, <\/span><\/p>\n<p><span style=\"font-family: Bahnschrift, sans-serif;\">meldet sich bei:<\/span><\/p>\n<p><span style=\"font-family: Bahnschrift, sans-serif;\">ESV Vorstand B\u00fcro<br \/>\nTelefon: 0221-732434<br \/>\nE-Mail: schwimmen@esv-olympia.de<\/span><\/p>\n<p><span style=\"font-family: Bahnschrift, sans-serif;\">Schwimmbad Lentpark \/ Lentstra\u00dfe 30<\/span><\/p>\n","protected":false},"excerpt":{"rendered":"<p>Mitarbeiter\/innen gesucht Die Schwimmabteilung des ESV Olympia K\u00f6ln e.V. sucht f\u00fcr seine Schwimmabteilung Mitarbeiter\/innen in der Anf\u00e4nger- und Technikausbildung mit Kindern, Jugendlichen und Erwachsenen. Wer Spa\u00df im Umgang mit Kindern ab 5 Jahren , Jugendlichen, Erwachsenen im und am Wasser hat, zuverl\u00e4ssig &amp; verantwortungsbewusst ist, \u00fcber Vorkenntnisse verf\u00fcgt, die aber nicht Voraussetzung sind (entsprechende Lizenzen &hellip; <\/p>\n<p class=\"link-more\"><a href=\"https:\/\/esv-olympia.de\/schwimmen\/mitarbeiter-innen-gesucht\/\" class=\"more-link\"><span class=\"screen-reader-text\">\u201eMitarbeiter\/Innen gesucht\u201c<\/span> weiterlesen<\/a><\/p>\n","protected":false},"author":3,"featured_media":0,"parent":0,"menu_order":0,"comment_status":"closed","ping_status":"closed","template":"","meta":[],"_links":{"self":[{"href":"https:\/\/esv-olympia.de\/schwimmen\/wp-json\/wp\/v2\/pages\/76"}],"collection":[{"href":"https:\/\/esv-olympia.de\/schwimmen\/wp-json\/wp\/v2\/pages"}],"about":[{"href":"https:\/\/esv-olympia.de\/schwimmen\/wp-json\/wp\/v2\/types\/page"}],"author":[{"embeddable":true,"href":"https:\/\/esv-olympia.de\/schwimmen\/wp-json\/wp\/v2\/users\/3"}],"replies":[{"embeddable":true,"href":"https:\/\/esv-olympia.de\/schwimmen\/wp-json\/wp\/v2\/comments?post=76"}],"version-history":[{"count":4,"href":"https:\/\/esv-olympia.de\/schwimmen\/wp-json\/wp\/v2\/pages\/76\/revisions"}],"predecessor-version":[{"id":225,"href":"https:\/\/esv-olympia.de\/schwimmen\/wp-json\/wp\/v2\/pages\/76\/revisions\/225"}],"wp:attachment":[{"href":"https:\/\/esv-olympia.de\/schwimmen\/wp-json\/wp\/v2\/media?parent=76"}],"curies":[{"name":"wp","href":"https:\/\/api.w.org\/{rel}","templated":true}]}}